{"id":2,"date":"2025-09-30T18:27:26","date_gmt":"2025-09-30T18:27:26","guid":{"rendered":"http:\/\/dedication-coaching.com\/?page_id=2"},"modified":"2025-10-10T12:06:56","modified_gmt":"2025-10-10T12:06:56","slug":"accueil","status":"publish","type":"page","link":"https:\/\/dedication-coaching.com\/","title":{"rendered":"Accueil"},"content":{"rendered":"\t\t<div data-elementor-type=\"wp-page\" data-elementor-id=\"2\" class=\"elementor elementor-2\">\n\t\t\t\t<div class=\"elementor-element elementor-element-6b982a3 e-con-full elementor-hidden-desktop e-flex e-con e-parent\" data-id=\"6b982a3\" data-element_type=\"container\">\n\t\t\t\t<div class=\"elementor-element elementor-element-c13594c elementor-widget elementor-widget-image\" data-id=\"c13594c\" data-element_type=\"widget\" data-widget_type=\"image.default\">\n\t\t\t\t\t\t\t\t\t\t\t\t\t\t\t<img fetchpriority=\"high\" decoding=\"async\" width=\"1024\" height=\"512\" src=\"https:\/\/dedication-coaching.com\/wp-content\/uploads\/2025\/10\/ddddddddddddddssssssssssssssssssqqq-1024x512.png\" class=\"attachment-large size-large wp-image-107\" alt=\"\" srcset=\"https:\/\/dedication-coaching.com\/wp-content\/uploads\/2025\/10\/ddddddddddddddssssssssssssssssssqqq-1024x512.png 1024w, https:\/\/dedication-coaching.com\/wp-content\/uploads\/2025\/10\/ddddddddddddddssssssssssssssssssqqq-300x150.png 300w, https:\/\/dedication-coaching.com\/wp-content\/uploads\/2025\/10\/ddddddddddddddssssssssssssssssssqqq-768x384.png 768w\" sizes=\"(max-width: 1024px) 100vw, 1024px\" \/>\t\t\t\t\t\t\t\t\t\t\t\t\t\t\t<\/div>\n\t\t\t\t<\/div>\n\t\t<div class=\"elementor-element elementor-element-c5c0401 elementor-hidden-mobile e-flex e-con-boxed e-con e-parent\" data-id=\"c5c0401\" data-element_type=\"container\" data-settings=\"{&quot;background_background&quot;:&quot;classic&quot;}\">\n\t\t\t\t\t<div class=\"e-con-inner\">\n\t\t\t\t<div class=\"elementor-element elementor-element-71d390f elementor-widget elementor-widget-spacer\" data-id=\"71d390f\" data-element_type=\"widget\" data-widget_type=\"spacer.default\">\n\t\t\t\t\t\t\t<div class=\"elementor-spacer\">\n\t\t\t<div class=\"elementor-spacer-inner\"><\/div>\n\t\t<\/div>\n\t\t\t\t\t\t<\/div>\n\t\t\t\t<div class=\"elementor-element elementor-element-ccba927 elementor-widget elementor-widget-spacer\" data-id=\"ccba927\" data-element_type=\"widget\" data-widget_type=\"spacer.default\">\n\t\t\t\t\t\t\t<div class=\"elementor-spacer\">\n\t\t\t<div class=\"elementor-spacer-inner\"><\/div>\n\t\t<\/div>\n\t\t\t\t\t\t<\/div>\n\t\t\t\t\t<\/div>\n\t\t\t\t<\/div>\n\t\t<div class=\"elementor-element elementor-element-22ffaa1 e-con-full e-flex e-con e-parent\" data-id=\"22ffaa1\" data-element_type=\"container\">\n\t\t\t\t<div class=\"elementor-element elementor-element-1c0c8cf elementor-invisible elementor-widget elementor-widget-heading\" data-id=\"1c0c8cf\" data-element_type=\"widget\" data-settings=\"{&quot;_animation&quot;:&quot;fadeInLeft&quot;}\" data-widget_type=\"heading.default\">\n\t\t\t\t\t<h2 class=\"elementor-heading-title elementor-size-default\">Bien plus qu'une transformation physique<\/h2>\t\t\t\t<\/div>\n\t\t\t\t<div class=\"elementor-element elementor-element-3fd33fa elementor-invisible elementor-widget elementor-widget-heading\" data-id=\"3fd33fa\" data-element_type=\"widget\" data-settings=\"{&quot;_animation&quot;:&quot;fadeInRight&quot;}\" data-widget_type=\"heading.default\">\n\t\t\t\t\t<h2 class=\"elementor-heading-title elementor-size-default\">Une exp\u00e9rience qui forge un \u00e9tat d'esprit et une capacit\u00e9 d'adaptation \u00e0 la vie quotidienne<\/h2>\t\t\t\t<\/div>\n\t\t\t\t<\/div>\n\t\t<div class=\"elementor-element elementor-element-7c7f211 e-con-full e-flex e-con e-parent\" data-id=\"7c7f211\" data-element_type=\"container\">\n\t\t\t\t<div class=\"elementor-element elementor-element-77f3772 elementor-widget elementor-widget-spacer\" data-id=\"77f3772\" data-element_type=\"widget\" data-widget_type=\"spacer.default\">\n\t\t\t\t\t\t\t<div class=\"elementor-spacer\">\n\t\t\t<div class=\"elementor-spacer-inner\"><\/div>\n\t\t<\/div>\n\t\t\t\t\t\t<\/div>\n\t\t\t\t<\/div>\n\t\t<div class=\"elementor-element elementor-element-7ad02f8 e-flex e-con-boxed e-con e-parent\" data-id=\"7ad02f8\" data-element_type=\"container\">\n\t\t\t\t\t<div class=\"e-con-inner\">\n\t\t\t\t<div class=\"elementor-element elementor-element-ff315e6 elementor-widget elementor-widget-text-editor\" data-id=\"ff315e6\" data-element_type=\"widget\" data-widget_type=\"text-editor.default\">\n\t\t\t\t\t\t\t\t\t<p data-start=\"863\" data-end=\"1207\">Chez <strong data-start=\"868\" data-end=\"891\">Dedication Coaching<\/strong>, l&rsquo;objectif est simple : t&rsquo;aider \u00e0 devenir la meilleure version de toi-m\u00eame \u2014 physiquement et mentalement.<br data-start=\"998\" data-end=\"1001\" \/>Que tu veuilles <strong data-start=\"1017\" data-end=\"1036\">perdre du poids<\/strong>, <strong data-start=\"1038\" data-end=\"1059\">prendre du muscle<\/strong> ou simplement <strong data-start=\"1074\" data-end=\"1108\">te sentir mieux dans ton corps<\/strong>, chaque programme est con\u00e7u pour t&rsquo;accompagner pas \u00e0 pas, avec un suivi professionnel et humain.<\/p><p data-start=\"1209\" data-end=\"1440\">Gr\u00e2ce \u00e0 un <strong data-start=\"1220\" data-end=\"1247\">coaching 100 % en ligne<\/strong>, tu profites d&rsquo;un accompagnement sur mesure, depuis chez toi ou ta salle de sport, sans contrainte d&rsquo;horaire.<br data-start=\"1357\" data-end=\"1360\" \/>R\u00e9sultat : des progr\u00e8s concrets, un mental renforc\u00e9 et des habitudes durables.<\/p>\t\t\t\t\t\t\t\t<\/div>\n\t\t\t\t\t<\/div>\n\t\t\t\t<\/div>\n\t\t<div class=\"elementor-element elementor-element-ea4e16a e-flex e-con-boxed e-con e-parent\" data-id=\"ea4e16a\" data-element_type=\"container\">\n\t\t\t\t\t<div class=\"e-con-inner\">\n\t\t<div class=\"elementor-element elementor-element-00622f3 e-con-full e-flex e-con e-child\" data-id=\"00622f3\" data-element_type=\"container\">\n\t\t\t\t<div class=\"elementor-element elementor-element-dfce59c elementor-widget elementor-widget-heading\" data-id=\"dfce59c\" data-element_type=\"widget\" data-widget_type=\"heading.default\">\n\t\t\t\t\t<h2 class=\"elementor-heading-title elementor-size-default\">PROGRAMME PLAN ALIMENTAIRE<\/h2>\t\t\t\t<\/div>\n\t\t\t\t<div class=\"elementor-element elementor-element-c1d016c elementor-widget elementor-widget-text-editor\" data-id=\"c1d016c\" data-element_type=\"widget\" data-widget_type=\"text-editor.default\">\n\t\t\t\t\t\t\t\t\t<p><em>Fixe-toi un objectif et va le chercher<\/em><\/p>\t\t\t\t\t\t\t\t<\/div>\n\t\t\t\t<div class=\"elementor-element elementor-element-7e6b919 elementor-widget elementor-widget-heading\" data-id=\"7e6b919\" data-element_type=\"widget\" data-widget_type=\"heading.default\">\n\t\t\t\t\t<h2 class=\"elementor-heading-title elementor-size-default\">195\u20ac\/mois<\/h2>\t\t\t\t<\/div>\n\t\t\t\t<div class=\"elementor-element elementor-element-48570ca elementor-widget elementor-widget-text-editor\" data-id=\"48570ca\" data-element_type=\"widget\" data-widget_type=\"text-editor.default\">\n\t\t\t\t\t\t\t\t\t<p data-start=\"0\" data-end=\"179\">Tu veux comprendre comment nourrir ton corps pour obtenir des r\u00e9sultats visibles ?<br data-start=\"82\" data-end=\"85\" \/>Ce programme t\u2019apprend \u00e0 manger intelligemment, sans frustration et selon ton rythme de vie.<\/p><p data-start=\"181\" data-end=\"199\"><strong data-start=\"181\" data-end=\"197\">Tu obtiens :<\/strong><\/p><ul data-start=\"200\" data-end=\"318\"><li data-start=\"200\" data-end=\"236\"><p data-start=\"202\" data-end=\"236\">Un plan alimentaire personnalis\u00e9<\/p><\/li><li data-start=\"237\" data-end=\"270\"><p data-start=\"239\" data-end=\"270\">Des ajustements hebdomadaires<\/p><\/li><li data-start=\"271\" data-end=\"318\"><p data-start=\"273\" data-end=\"318\">Des conseils pratiques et un suivi motivant<\/p><\/li><\/ul><p data-start=\"320\" data-end=\"394\" data-is-last-node=\"\" data-is-only-node=\"\"><strong data-start=\"320\" data-end=\"334\">R\u00e9sultat :<\/strong> plus d\u2019\u00e9nergie, un corps sculpt\u00e9 et des habitudes durables.<\/p>\t\t\t\t\t\t\t\t<\/div>\n\t\t\t\t<div class=\"elementor-element elementor-element-50ddade elementor-align-center elementor-widget elementor-widget-button\" data-id=\"50ddade\" data-element_type=\"widget\" data-widget_type=\"button.default\">\n\t\t\t\t\t\t\t\t\t\t<a class=\"elementor-button elementor-button-link elementor-size-sm\" href=\"#\">\n\t\t\t\t\t\t<span class=\"elementor-button-content-wrapper\">\n\t\t\t\t\t\t\t\t\t<span class=\"elementor-button-text\">Je veux mon plan alimentaire personnalis\u00e9<\/span>\n\t\t\t\t\t<\/span>\n\t\t\t\t\t<\/a>\n\t\t\t\t\t\t\t\t<\/div>\n\t\t\t\t<\/div>\n\t\t<div class=\"elementor-element elementor-element-709046a e-con-full e-flex e-con e-child\" data-id=\"709046a\" data-element_type=\"container\">\n\t\t\t\t<div class=\"elementor-element elementor-element-df5f222 elementor-widget elementor-widget-heading\" data-id=\"df5f222\" data-element_type=\"widget\" data-widget_type=\"heading.default\">\n\t\t\t\t\t<h2 class=\"elementor-heading-title elementor-size-default\">PROGRAMME PLAN D'ENTRA\u00ceNEMENT<\/h2>\t\t\t\t<\/div>\n\t\t\t\t<div class=\"elementor-element elementor-element-3f48812 elementor-widget elementor-widget-text-editor\" data-id=\"3f48812\" data-element_type=\"widget\" data-widget_type=\"text-editor.default\">\n\t\t\t\t\t\t\t\t\t<p><em>Crois en toi et tu seras d\u00e9j\u00e0 \u00e0 mi-chemin<\/em><\/p>\t\t\t\t\t\t\t\t<\/div>\n\t\t\t\t<div class=\"elementor-element elementor-element-5f7f217 elementor-widget elementor-widget-heading\" data-id=\"5f7f217\" data-element_type=\"widget\" data-widget_type=\"heading.default\">\n\t\t\t\t\t<h2 class=\"elementor-heading-title elementor-size-default\">185 \u20ac\/mois<\/h2>\t\t\t\t<\/div>\n\t\t\t\t<div class=\"elementor-element elementor-element-275ce08 elementor-widget elementor-widget-text-editor\" data-id=\"275ce08\" data-element_type=\"widget\" data-widget_type=\"text-editor.default\">\n\t\t\t\t\t\t\t\t\t<p data-start=\"0\" data-end=\"159\">Con\u00e7u pour ceux qui veulent s&rsquo;entra\u00eener avec m\u00e9thode et progresser efficacement.<br data-start=\"80\" data-end=\"83\" \/>Chaque s\u00e9ance t\u2019aide \u00e0 d\u00e9passer tes limites tout en respectant ton niveau.<\/p><p data-start=\"161\" data-end=\"179\"><strong data-start=\"161\" data-end=\"177\">Tu obtiens :<\/strong><\/p><ul data-start=\"180\" data-end=\"312\"><li data-start=\"180\" data-end=\"222\"><p data-start=\"182\" data-end=\"222\">Un programme d&rsquo;entra\u00eenement sur mesure<\/p><\/li><li data-start=\"223\" data-end=\"275\"><p data-start=\"225\" data-end=\"275\">Des conseils techniques et un suivi hebdomadaire<\/p><\/li><li data-start=\"276\" data-end=\"312\"><p data-start=\"278\" data-end=\"312\">Un contact direct avec ton coach<\/p><\/li><\/ul><p data-start=\"314\" data-end=\"379\" data-is-last-node=\"\" data-is-only-node=\"\"><strong data-start=\"314\" data-end=\"328\">R\u00e9sultat :<\/strong> tu gagnes en force, en confiance et en r\u00e9gularit\u00e9.<\/p>\t\t\t\t\t\t\t\t<\/div>\n\t\t\t\t<div class=\"elementor-element elementor-element-443fa7b elementor-align-center elementor-widget elementor-widget-button\" data-id=\"443fa7b\" data-element_type=\"widget\" data-widget_type=\"button.default\">\n\t\t\t\t\t\t\t\t\t\t<a class=\"elementor-button elementor-button-link elementor-size-sm\" href=\"#\">\n\t\t\t\t\t\t<span class=\"elementor-button-content-wrapper\">\n\t\t\t\t\t\t\t\t\t<span class=\"elementor-button-text\">Je commence mon programme d'entra\u00eenement<\/span>\n\t\t\t\t\t<\/span>\n\t\t\t\t\t<\/a>\n\t\t\t\t\t\t\t\t<\/div>\n\t\t\t\t<\/div>\n\t\t<div class=\"elementor-element elementor-element-8e1f7cf e-con-full e-flex e-con e-child\" data-id=\"8e1f7cf\" data-element_type=\"container\">\n\t\t\t\t<div class=\"elementor-element elementor-element-dd01ea9 elementor-widget elementor-widget-heading\" data-id=\"dd01ea9\" data-element_type=\"widget\" data-widget_type=\"heading.default\">\n\t\t\t\t\t<h2 class=\"elementor-heading-title elementor-size-default\">PROGRAMME COACHING COMPLET<\/h2>\t\t\t\t<\/div>\n\t\t\t\t<div class=\"elementor-element elementor-element-7942805 elementor-widget elementor-widget-text-editor\" data-id=\"7942805\" data-element_type=\"widget\" data-widget_type=\"text-editor.default\">\n\t\t\t\t\t\t\t\t\t<p><em>La discipline m\u00e8ne \u00e0 des destinations dont la motivation ignore l&rsquo;existence<\/em><\/p>\t\t\t\t\t\t\t\t<\/div>\n\t\t\t\t<div class=\"elementor-element elementor-element-2b9dad1 elementor-widget elementor-widget-heading\" data-id=\"2b9dad1\" data-element_type=\"widget\" data-widget_type=\"heading.default\">\n\t\t\t\t\t<h2 class=\"elementor-heading-title elementor-size-default\">295 \u20ac\/mois<\/h2>\t\t\t\t<\/div>\n\t\t\t\t<div class=\"elementor-element elementor-element-68bfd07 elementor-widget elementor-widget-text-editor\" data-id=\"68bfd07\" data-element_type=\"widget\" data-widget_type=\"text-editor.default\">\n\t\t\t\t\t\t\t\t\t<p data-start=\"0\" data-end=\"88\">Le programme le plus complet pour une transformation physique, mentale et alimentaire.<\/p><p data-start=\"90\" data-end=\"108\"><strong data-start=\"90\" data-end=\"106\">Tu obtiens :<\/strong><\/p><ul data-start=\"109\" data-end=\"257\"><li data-start=\"109\" data-end=\"166\"><p data-start=\"111\" data-end=\"166\">Plan d\u2019entra\u00eenement et plan alimentaire personnalis\u00e9s<\/p><\/li><li data-start=\"167\" data-end=\"219\"><p data-start=\"169\" data-end=\"219\">Suivi hebdomadaire et acc\u00e8s illimit\u00e9 \u00e0 ton coach<\/p><\/li><li data-start=\"220\" data-end=\"257\"><p data-start=\"222\" data-end=\"257\">Bilan mensuel et conseils mindset<\/p><\/li><\/ul><p data-start=\"259\" data-end=\"341\" data-is-last-node=\"\" data-is-only-node=\"\"><strong data-start=\"259\" data-end=\"273\">R\u00e9sultat :<\/strong> un accompagnement sur mesure qui change ton corps et ton quotidien.<\/p>\t\t\t\t\t\t\t\t<\/div>\n\t\t\t\t<div class=\"elementor-element elementor-element-5fe1caa elementor-align-center elementor-widget elementor-widget-button\" data-id=\"5fe1caa\" data-element_type=\"widget\" data-widget_type=\"button.default\">\n\t\t\t\t\t\t\t\t\t\t<a class=\"elementor-button elementor-button-link elementor-size-sm\" href=\"#\">\n\t\t\t\t\t\t<span class=\"elementor-button-content-wrapper\">\n\t\t\t\t\t\t\t\t\t<span class=\"elementor-button-text\">Je d\u00e9marre ma transformation compl\u00e8te<\/span>\n\t\t\t\t\t<\/span>\n\t\t\t\t\t<\/a>\n\t\t\t\t\t\t\t\t<\/div>\n\t\t\t\t<\/div>\n\t\t\t\t\t<\/div>\n\t\t\t\t<\/div>\n\t\t<div class=\"elementor-element elementor-element-b5c9782 e-flex e-con-boxed e-con e-parent\" data-id=\"b5c9782\" data-element_type=\"container\">\n\t\t\t\t\t<div class=\"e-con-inner\">\n\t\t\t\t<div class=\"elementor-element elementor-element-7376e5d elementor-widget elementor-widget-spacer\" data-id=\"7376e5d\" data-element_type=\"widget\" data-widget_type=\"spacer.default\">\n\t\t\t\t\t\t\t<div class=\"elementor-spacer\">\n\t\t\t<div class=\"elementor-spacer-inner\"><\/div>\n\t\t<\/div>\n\t\t\t\t\t\t<\/div>\n\t\t\t\t\t<\/div>\n\t\t\t\t<\/div>\n\t\t<div class=\"elementor-element elementor-element-23d3965 e-flex e-con-boxed e-con e-parent\" data-id=\"23d3965\" data-element_type=\"container\">\n\t\t\t\t\t<div class=\"e-con-inner\">\n\t\t\t\t<div class=\"elementor-element elementor-element-d8dfdca elementor-widget elementor-widget-heading\" data-id=\"d8dfdca\" data-element_type=\"widget\" data-widget_type=\"heading.default\">\n\t\t\t\t\t<h2 class=\"elementor-heading-title elementor-size-default\">Pourquoi choisir Dedication Coaching ?<\/h2>\t\t\t\t<\/div>\n\t\t\t\t\t<\/div>\n\t\t\t\t<\/div>\n\t\t<div class=\"elementor-element elementor-element-97c6aa5 e-flex e-con-boxed e-con e-parent\" data-id=\"97c6aa5\" data-element_type=\"container\">\n\t\t\t\t\t<div class=\"e-con-inner\">\n\t\t<div class=\"elementor-element elementor-element-58ab152 e-con-full e-flex e-con e-child\" data-id=\"58ab152\" data-element_type=\"container\">\n\t\t\t\t<div class=\"elementor-element elementor-element-e194270 elementor-position-top elementor-widget elementor-widget-image-box\" data-id=\"e194270\" data-element_type=\"widget\" data-widget_type=\"image-box.default\">\n\t\t\t\t\t<div class=\"elementor-image-box-wrapper\"><figure class=\"elementor-image-box-img\"><img decoding=\"async\" width=\"143\" height=\"172\" src=\"https:\/\/dedication-coaching.com\/wp-content\/uploads\/2025\/10\/dddddddddddddddssddddddddddddds.png\" class=\"attachment-full size-full wp-image-164\" alt=\"\" \/><\/figure><div class=\"elementor-image-box-content\"><h3 class=\"elementor-image-box-title\">Coaching<\/h3><p class=\"elementor-image-box-description\">Tu es suivi(e) chaque semaine, en direct, avec des ajustements selon tes ressentis, ton emploi du temps, ton niveau de fatigue, ta motivation. Tu n\u2019es jamais seul(e).<\/p><\/div><\/div>\t\t\t\t<\/div>\n\t\t\t\t<\/div>\n\t\t<div class=\"elementor-element elementor-element-93433f1 e-con-full e-flex e-con e-child\" data-id=\"93433f1\" data-element_type=\"container\">\n\t\t\t\t<div class=\"elementor-element elementor-element-7efcb3c elementor-position-top elementor-widget elementor-widget-image-box\" data-id=\"7efcb3c\" data-element_type=\"widget\" data-widget_type=\"image-box.default\">\n\t\t\t\t\t<div class=\"elementor-image-box-wrapper\"><figure class=\"elementor-image-box-img\"><img decoding=\"async\" width=\"209\" height=\"142\" src=\"https:\/\/dedication-coaching.com\/wp-content\/uploads\/2025\/10\/fffffffffffffdfffffffffffd.png\" class=\"attachment-full size-full wp-image-158\" alt=\"\" \/><\/figure><div class=\"elementor-image-box-content\"><h3 class=\"elementor-image-box-title\">Accompagnement<\/h3><p class=\"elementor-image-box-description\">Que tu sois d\u00e9butant ou confirm\u00e9, avec un objectif bien-\u00eatre ou performance, ton plan est construit pour s\u2019int\u00e9grer dans ta vie<\/p><\/div><\/div>\t\t\t\t<\/div>\n\t\t\t\t<\/div>\n\t\t<div class=\"elementor-element elementor-element-c627dc6 e-con-full e-flex e-con e-child\" data-id=\"c627dc6\" data-element_type=\"container\">\n\t\t\t\t<div class=\"elementor-element elementor-element-4942b18 elementor-position-top elementor-widget elementor-widget-image-box\" data-id=\"4942b18\" data-element_type=\"widget\" data-widget_type=\"image-box.default\">\n\t\t\t\t\t<div class=\"elementor-image-box-wrapper\"><figure class=\"elementor-image-box-img\"><img loading=\"lazy\" decoding=\"async\" width=\"241\" height=\"148\" src=\"https:\/\/dedication-coaching.com\/wp-content\/uploads\/2025\/10\/fdddddddfdfdfdfd.png\" class=\"attachment-full size-full wp-image-157\" alt=\"\" \/><\/figure><div class=\"elementor-image-box-content\"><h3 class=\"elementor-image-box-title\">\u00c9volution<\/h3><p class=\"elementor-image-box-description\">Tu progresses physiquement, oui. Mais aussi dans ta mani\u00e8re de penser, de g\u00e9rer les obstacles et de construire des habitudes solides.\nLa discipline devient naturelle, les r\u00e9sultats deviennent durables.<\/p><\/div><\/div>\t\t\t\t<\/div>\n\t\t\t\t<\/div>\n\t\t\t\t\t<\/div>\n\t\t\t\t<\/div>\n\t\t<div class=\"elementor-element elementor-element-d5bc884 e-flex e-con-boxed e-con e-parent\" data-id=\"d5bc884\" data-element_type=\"container\">\n\t\t\t\t\t<div class=\"e-con-inner\">\n\t\t\t\t<div class=\"elementor-element elementor-element-aeb4e25 elementor-widget elementor-widget-text-editor\" data-id=\"aeb4e25\" data-element_type=\"widget\" data-widget_type=\"text-editor.default\">\n\t\t\t\t\t\t\t\t\t<p data-start=\"258\" data-end=\"350\">Le vrai changement ne se fait pas seulement pendant les s\u00e9ances\u2026 mais <strong data-start=\"328\" data-end=\"337\">entre<\/strong> les s\u00e9ances.<\/p><p data-start=\"352\" data-end=\"504\">C&rsquo;est pourquoi, chez <strong data-start=\"373\" data-end=\"396\">Dedication Coaching<\/strong>, tu b\u00e9n\u00e9ficies d&rsquo;un <strong data-start=\"417\" data-end=\"459\">suivi en continu via messagerie priv\u00e9e<\/strong> (WhatsApp) .<\/p>\t\t\t\t\t\t\t\t<\/div>\n\t\t\t\t<div class=\"elementor-element elementor-element-3dd0949 elementor-widget elementor-widget-heading\" data-id=\"3dd0949\" data-element_type=\"widget\" data-widget_type=\"heading.default\">\n\t\t\t\t\t<h2 class=\"elementor-heading-title elementor-size-default\">Concr\u00e8tement, tu profites de :<\/h2>\t\t\t\t<\/div>\n\t\t\t\t\t<\/div>\n\t\t\t\t<\/div>\n\t\t<div class=\"elementor-element elementor-element-4fcf4d8 e-flex e-con-boxed e-con e-parent\" data-id=\"4fcf4d8\" data-element_type=\"container\">\n\t\t\t\t\t<div class=\"e-con-inner\">\n\t\t\t\t<div class=\"elementor-element elementor-element-12c9add elementor-widget elementor-widget-text-editor\" data-id=\"12c9add\" data-element_type=\"widget\" data-widget_type=\"text-editor.default\">\n\t\t\t\t\t\t\t\t\t<ul><li data-start=\"352\" data-end=\"504\">Un <strong data-start=\"549\" data-end=\"582\">contact direct avec ton coach<\/strong>, sans passer par une plateforme impersonnelle<\/li><li data-start=\"631\" data-end=\"695\"><p data-start=\"633\" data-end=\"695\">Des <strong data-start=\"637\" data-end=\"657\">r\u00e9ponses rapides<\/strong> \u00e0 tes questions, blocages ou doutes<\/p><\/li><li data-start=\"696\" data-end=\"761\"><p data-start=\"698\" data-end=\"761\">Un soutien <strong data-start=\"709\" data-end=\"737\">motivant et bienveillant<\/strong> quand tu en as besoin<\/p><\/li><li data-start=\"762\" data-end=\"842\"><p data-start=\"764\" data-end=\"842\">Des <strong data-start=\"768\" data-end=\"791\">ajustements express<\/strong> de ton plan selon ta semaine ou ton \u00e9tat du moment<\/p><\/li><\/ul><p data-start=\"844\" data-end=\"960\">Pas de robot, pas de d\u00e9lai d&rsquo;attente inutile. Juste <strong data-start=\"896\" data-end=\"916\">toi et ton coach<\/strong>, en lien r\u00e9gulier pour assurer ton progr\u00e8s.<\/p><p data-start=\"962\" data-end=\"1074\"><em data-start=\"965\" data-end=\"1074\">Parce que le changement durable passe par une vraie relation de coaching, pas une notification automatique.<\/em><\/p>\t\t\t\t\t\t\t\t<\/div>\n\t\t\t\t\t<\/div>\n\t\t\t\t<\/div>\n\t\t\t\t<\/div>\n\t\t","protected":false},"excerpt":{"rendered":"<p>Bien plus qu&rsquo;une transformation physique Une exp\u00e9rience qui forge un \u00e9tat d&rsquo;esprit et une capacit\u00e9 d&rsquo;adaptation \u00e0 la vie quotidienne Chez Dedication Coaching, l&rsquo;objectif est simple : t&rsquo;aider \u00e0 devenir la meilleure version de toi-m\u00eame \u2014 physiquement et mentalement.Que tu veuilles perdre du poids, prendre du muscle ou simplement te sentir mieux dans ton corps,&#8230;<\/p>\n","protected":false},"author":1,"featured_media":0,"parent":0,"menu_order":0,"comment_status":"closed","ping_status":"closed","template":"","meta":{"_kad_post_transparent":"","_kad_post_title":"hide","_kad_post_layout":"fullwidth","_kad_post_sidebar_id":"","_kad_post_content_style":"unboxed","_kad_post_vertical_padding":"hide","_kad_post_feature":"hide","_kad_post_feature_position":"","_kad_post_header":false,"_kad_post_footer":false,"footnotes":""},"class_list":["post-2","page","type-page","status-publish","hentry"],"_links":{"self":[{"href":"https:\/\/dedication-coaching.com\/index.php?rest_route=\/wp\/v2\/pages\/2","targetHints":{"allow":["GET"]}}],"collection":[{"href":"https:\/\/dedication-coaching.com\/index.php?rest_route=\/wp\/v2\/pages"}],"about":[{"href":"https:\/\/dedication-coaching.com\/index.php?rest_route=\/wp\/v2\/types\/page"}],"author":[{"embeddable":true,"href":"https:\/\/dedication-coaching.com\/index.php?rest_route=\/wp\/v2\/users\/1"}],"replies":[{"embeddable":true,"href":"https:\/\/dedication-coaching.com\/index.php?rest_route=%2Fwp%2Fv2%2Fcomments&post=2"}],"version-history":[{"count":79,"href":"https:\/\/dedication-coaching.com\/index.php?rest_route=\/wp\/v2\/pages\/2\/revisions"}],"predecessor-version":[{"id":175,"href":"https:\/\/dedication-coaching.com\/index.php?rest_route=\/wp\/v2\/pages\/2\/revisions\/175"}],"wp:attachment":[{"href":"https:\/\/dedication-coaching.com\/index.php?rest_route=%2Fwp%2Fv2%2Fmedia&parent=2"}],"curies":[{"name":"wp","href":"https:\/\/api.w.org\/{rel}","templated":true}]}}